{"id":23418,"date":"2026-04-12T04:37:19","date_gmt":"2026-04-12T02:37:19","guid":{"rendered":"https:\/\/test-ciekawsko.pl\/katalog-firm\/?page_id=23418"},"modified":"2026-04-12T04:37:19","modified_gmt":"2026-04-12T02:37:19","slug":"cennik","status":"publish","type":"page","link":"https:\/\/test-ciekawsko.pl\/katalog-firm\/cennik\/","title":{"rendered":"Cennik"},"content":{"rendered":"\n<p><strong>Dodanie og\u0142oszenia oraz dodanie firmy do &#8222;katalogu firm&#8221; jest ca\u0142kowicie&nbsp; darmowe!!<br><br>Koszt zamieszczenia reklam w serwisie:<\/strong><br>Prosz\u0119 o kontakt przez formularz kontaktowy lub&nbsp; maila:<\/p>\n\n\n\n<p><strong>kontakt<\/strong><strong>@ciekawsko.pl<\/strong><\/p>\n\n\n\n<p><strong>Dodanie og\u0142oszenia<\/strong>&nbsp;:<strong>&nbsp;bezp\u0142atne<\/strong><\/p>\n\n\n\n<p><strong><em>-promowanie og\u0142osze\u0144 na li\u015bcie:<\/em><\/strong><br>&nbsp; 30 dni &#8211; 10&nbsp;z\u0142<\/p>\n\n\n\n<p><strong><em>-promowanie na stronie g\u0142\u00f3wnej:<\/em><\/strong><br>&nbsp; 30 dni &#8211; 25&nbsp;z\u0142<\/p>\n\n\n\n<p><em><strong>-dodanie :<\/strong><\/em><br><strong>Pilne&nbsp;<\/strong>&#8211; 5&nbsp;z\u0142<br><strong>Od\u015bwie\u017cenie<\/strong>&nbsp;&#8211; 2 z\u0142&nbsp;<\/p>\n","protected":false},"excerpt":{"rendered":"<p>Dodanie og\u0142oszenia oraz dodanie firmy do &#8222;katalogu firm&#8221; jest ca\u0142kowicie&nbsp; darmowe!! Koszt zamieszczenia reklam w serwisie:Prosz\u0119 o kontakt przez formularz kontaktowy lub&nbsp; maila: kontakt@ciekawsko.pl Dodanie og\u0142oszenia&nbsp;:&nbsp;bezp\u0142atne -promowanie og\u0142osze\u0144 na li\u015bcie:&nbsp; 30 dni &#8211; 10&nbsp;z\u0142 -promowanie na stronie g\u0142\u00f3wnej:&nbsp; 30 dni &#8211; 25&nbsp;z\u0142 -dodanie :Pilne&nbsp;&#8211; 5&nbsp;z\u0142Od\u015bwie\u017cenie&nbsp;&#8211; 2 z\u0142&nbsp;<\/p>\n","protected":false},"author":1,"featured_media":0,"parent":0,"menu_order":0,"comment_status":"closed","ping_status":"closed","template":"","meta":{"footnotes":""},"class_list":["post-23418","page","type-page","status-publish","hentry"],"_links":{"self":[{"href":"https:\/\/test-ciekawsko.pl\/katalog-firm\/wp-json\/wp\/v2\/pages\/23418","targetHints":{"allow":["GET"]}}],"collection":[{"href":"https:\/\/test-ciekawsko.pl\/katalog-firm\/wp-json\/wp\/v2\/pages"}],"about":[{"href":"https:\/\/test-ciekawsko.pl\/katalog-firm\/wp-json\/wp\/v2\/types\/page"}],"author":[{"embeddable":true,"href":"https:\/\/test-ciekawsko.pl\/katalog-firm\/wp-json\/wp\/v2\/users\/1"}],"replies":[{"embeddable":true,"href":"https:\/\/test-ciekawsko.pl\/katalog-firm\/wp-json\/wp\/v2\/comments?post=23418"}],"version-history":[{"count":1,"href":"https:\/\/test-ciekawsko.pl\/katalog-firm\/wp-json\/wp\/v2\/pages\/23418\/revisions"}],"predecessor-version":[{"id":23419,"href":"https:\/\/test-ciekawsko.pl\/katalog-firm\/wp-json\/wp\/v2\/pages\/23418\/revisions\/23419"}],"wp:attachment":[{"href":"https:\/\/test-ciekawsko.pl\/katalog-firm\/wp-json\/wp\/v2\/media?parent=23418"}],"curies":[{"name":"wp","href":"https:\/\/api.w.org\/{rel}","templated":true}]}}